+ 66. Let i be s(-3). Suppose m - i + 15 = 0. Is m composite?
True
Let n(f) = 147*f + 541. Is n(14) prime?
False
Suppose -90*h - 1627934 + 14818518 = -12145226. Is h a composite number?
False
Suppose -7*s + 10*s + 324 = 0. Let w = 319 + s. Is w a prime number?
True
Suppose 370*z - 3709309 = 327*z. Is z prime?
True
Suppose -7*v = 6*v - 65. Suppose 0 = 5*n + v*d + 1514 - 4024, 2513 = 5*n + 4*d. Is n a prime number?
False
Let o(t) = 23 - 17*t + 0 + 9*t**2 + 6. Let m be o(16). Suppose -m - 334 = -5*d. Is d a composite number?
False
Let j(u) = 56*u**2 + 6*u - 99. Is j(23) composite?
False
Let b be 40/(-6) + 1 + 44/(-33). Let f(x) = -362*x - 13. Is f(b) a composite number?
False
Suppose -10 = -4*z - 5*d, 0 = 2*z - 0*z + 5*d - 10. Let n be (-6 - -2) + z - -7. Suppose 5*a - 10895 = -5*t, n*t - 278 + 2449 = a. Is a prime?
False
Suppose 0 = -104*p - 341*p + 345759215. Is p a prime number?
True
Let a(x) = 6665*x + 1833. Is a(70) prime?
False
Let k(f) = 53429*f**3 + 39*f**2 - 66*f - 30. Is k(2) a composite number?
True
Let h = 967 - 350. Suppose -6*b = -8209 - h. Is b composite?
False
Let o(u) = -780*u - 1357. Is o(-20) prime?
True
Let h(v) = v**3 - 31*v**2 - 100*v - 66. Let d be h(34). Suppose 5*w - 25108 = -t, d*w = 6*w - 5*t - 20069. Is w a composite number?
False
Let c = 3755 + 7314. Is c composite?
False
Is ((-726)/110 + 7)/((-4)/(-133270)) a prime number?
True
Suppose -n - 2860 + 58 = 0. Suppose 0 = 15*t - 20*t + 32215. Let x = n + t. Is x a composite number?
True
Let q = 22909 - 12014. Is 17/(170/(-4))*q/(-2) composite?
False
Suppose 0 = 2*x + 2*d, 16*x = 15*x + 4*d. Suppose x = -8*m + 3713 + 4943. Is m composite?
True
Let f(n) = -1902*n + 463. Is f(-14) a composite number?
False
Is (54058/(-10))/((-26)/(-65)*(-8)/16) prime?
False
Let l = 228 - 6088. Let d = l + 9571. Is d a composite number?
True
Let l = -626124 - -1100431. Is l a prime number?
True
Let u(d) = 4108*d - 33. Let q be u(2). Suppose 2*k - 59205 = -5*h, 3*k - q = -h + 3658. Is h prime?
False
Suppose -w = -3*w + 4. Suppose 1193 = 3*f + 4*g, -f - 393 = -w*f + g. Let u = 718 - f. Is u prime?
False
Let p be (-33)/22 - (-3)/(-2). Is 0 - 2554*((-4)/(-8) + p) composite?
True
Let q = 360 + -265. Suppose 3*w - 229 = -3*z + q, 2*w = -10. Is z a prime number?
True
Suppose -4*r = 5*y + 78426, -3 = -4*r + 1. Is (-46)/(-115) - (y/10 - 0) prime?
False
Let n = 534 - 1176. Let y = n + 1401. Suppose 0 = 4*u - u - y. Is u a prime number?
False
Let h be ((-9)/(-27))/(2/12). Suppose 3*i - h*t = 474, -5*i + 823 - 33 = -3*t. Is i prime?
False
Let y(s) = -s**3 - 12*s**2 - 3*s - 14. Let x be y(-12). Let g be x*4/(10 + -2). Let m(q) = 6*q**2 - 13*q - 12. Is m(g) a prime number?
True
Let z(v) = 10*v**2 - 4*v - 32. Let m be z(-5). Suppose -4*p - m = -3*c, -4*c = 2*p - 3*p - 300. Is c a composite number?
True
Let j = 63 + 62. Is 3129/2 - j/(-50) a composite number?
False
Let d be (-116)/(-28) + 3/21*-1. Suppose 35 = d*q - 1. Suppose q*l + 285 = 12*l. Is l composite?
True
Suppose 3*b + 4 = -5*o - 15, 4*b = 3*o - 6. Let d(j) = -387*j**3 - 4*j**2 + 5*j + 5. Is d(b) a composite number?
True
Suppose 0 = -4*p - 5 + 37. Suppose -p*u = -11*u + 20934. Suppose -7*j + u = -j. Is j a composite number?
False
Suppose -121*p - 2776420 = -141*p. Is p prime?
True
Let r = -269894 + 391896. Is r composite?
True
Let u be (-845)/143 + (-4)/44. Let c(n) be the second derivative of n**5/20 + 3*n**4/4 - 11*n**3/6 - 13*n**2/2 - 4*n. Is c(u) a composite number?
True
Let w = -2 + 85. Let n be 8/(-1)*-126*(-10)/(-80). Let x = n - w. Is x a prime number?
True
Suppose 0*c + c = -l + 4, -c + 4 = -3*l. Suppose -c*t + 23 = -1. Let v(g) = 288*g + 5. Is v(t) prime?
True
Let s be ((-10)/6 - -1)*-3. Suppose -4*c = -3*z - 2354, s*z + 591 = c - 0*z. Suppose -4*n + 5*n - c = 0. Is n a composite number?
False
Let n(r) = -3531 + 0*r**2 - 2*r + 10*r**2 + 3537 + r**3. Let y = -19 + 12. Is n(y) a prime number?
True
Suppose 0 = -i + 4*i - 6. Let m be 11*12/132*-177. Let k = i - m. Is k composite?
False
Suppose -28*d + 23*d = 20. Let v be (-3)/(-6) - 53/(-2). Let y = v - d. Is y composite?
False
Let z(a) = -3*a - 23. Let d be z(-9). Suppose 4*u = 2*f - 10, 11 = 4*f + f + d*u. Suppose -o = -3*v + 2303, f*v + 3*o + 334 = 2629. Is v prime?
False
Let l(u) = 231*u**2 - 7*u - 9. Suppose -4*j + 20 = 4*x, -4 = -2*x + 4*j - 3*j. Suppose -2*s + 12 = -x*g + s, 3*s = -4*g - 16. Is l(g) composite?
True
Let a be -2 + 3 - (-11 - 1). Let f(q) be the second derivative of 22*q**3/3 - 37*q**2/2 + 480*q. Is f(a) a composite number?
True
Let n = 217970 + -116107. Is n composite?
False
Let m = 199069 - 142032. Is m composite?
False
Suppose 432030 = 4*i + 2*m - 1292674, -4*m = -2*i + 862362. Is i prime?
False
Suppose 4*s + 40*n - 1327184 = 35*n, -331817 = -s + 4*n. Is s composite?
False
Is (-3 + (-7 - -7) + -2097095)*(-1)/2 composite?
False
Suppose -2*a + 1046 = -5*b, -5*a + 2786 = 3*b + 109. Suppose 3*j + z - 2813 = a, 5*j = z + 5566. Is j prime?
False
Let h = -23009 - -83448. Is h prime?
False
Let j = 15105 + 10821. Let k = j + -13135. Is k prime?
True
Suppose 16*o + 2*x + 5488 = 19*o, -2*o + x = -3660. Suppose 3*p - 6217 - o = 0. Is p prime?
True
Suppose -19*r = -159 + 45. Suppose 2*m - r*m = z - 12916, z + 6458 = 2*m. Is m a composite number?
False
Let i = 144104 - 42810. Is i prime?
False
Suppose 4*h = 2*d - 74, 13*h - 9*h + 5*d + 39 = 0. Let z = 0 + 1. Is (z - 789/12)/(4/h) prime?
False
Suppose -30 = -5*h - 5*w, 12 = -7*h + 3*h + 5*w. Suppose -h*y + 7*y - 8195 = 0. Is y a prime number?
False
Let u = -12768 + 45865. Is u composite?
True
Let p be 2630540/5 + -3 - 1. Let f be 2/4 - p/48. Is (f/(-64))/(2/8) a prime number?
False
Let w = -4206 - -12829. Let u(z) = 780*z**2 + 7*z + 4. Let h be u(-4). Let f = h - w. Is f composite?
False
Suppose 16 = -4*b, -30*j + 25*j + b + 215619 = 0. Is j composite?
True
Let p(k) = -k**2 - 10*k - 12. Let a be p(-9). Let w be 0 - a/4 - 2/(-8). Is w/(10648/3548 - 3) a prime number?
True
Is ((-245400)/220 + -11)*-11 a composite number?
False
Suppose 177221 = c + 4*w, 0 = -5*c - 15*w + 19*w + 886033. Is c prime?
True
Let t(b) = 735*b**3 + 11*b**2 - 7*b - 35. Is t(6) a prime number?
True
Let w(z) = -z**3 - 22*z**2 + 25*z + 35. Let g be w(-23). Let l(p) = -4*p**3 + 9*p**2 + 15*p - 1. Is l(g) a composite number?
False
Let t be 0 + 3 + -5 - 46. Let l = 69 + t. Is 34761/l - (-2)/(-7) composite?
True
Suppose 3*w + 2*t = -2*w - 247, -5*w - 4*t = 239. Let v = w - -60. Suppose 3070 = v*o - 1421. Is o prime?
True
Suppose 87*w - 85*w - 8 = 0. Let p(s) = -23*s**2 - 28*s + 40. Let d(b) = -15*b**2 - 19*b + 27. Let j(u) = 7*d(u) - 5*p(u). Is j(w) composite?
True
Let s(m) = -137837*m - 1965. Is s(-2) a composite number?
False
Suppose y = -p + 47585 + 28878, -5*y + 382315 = 2*p. Is y composite?
False
Let d be (-6)/(-3) + 3/((-3)/11). Let b(i) = -814*i - 26. Let v be b(d). Suppose -6*p + 1166 = -v. Is p composite?
True
Let c = 369834 - 121571. Is c a composite number?
True
Let j(d) = -9*d + 73. Let f be j(12). Let n = 6073 + f. Is n composite?
True
Suppose 20*h - 20649789 = -56*h - 95*h. Is h a composite number?
True
Suppose n = 2*f - 4, -f + 2 = 4*n - 6*n. Suppose 3*h - 23 = s - 5*s, 0 = f*s - 4. Suppose -99 = -2*g + 3*j + 26, -h*g - j + 270 = 0. Is g prime?
False
Let w(q) be the second derivative of 7*q**3/6 + 11*q**2 + 1360*q. Let y = 1 - 1. Is w(y) a prime number?
False
Let x(h) = -155*h**3 - 12*h**2 + 70*h + 87. Is x(-8) a prime number?
False
Let z = -46 + 44. Let n(w) = 60*w - 3. Let s be n(z). Let i = s + 430. Is i a prime number?
True
Suppose 1240539 - 430782 = 351*k. Is k composite?
True
Let n = -825287 + 1360786. Is n composite?
False
Suppose -2*j - 255164 = -2*k, 18*k - 20*k + 3*j = -255167. Is k prime?
True
Let y = -49424 - -106801. Is y a composite number?
True
Let r be (-2)/(-7) - 2*12/(-14). Suppose g - 4711 = r*f, 0 = -5*g + 3*f - f + 23531. Is g prime?
False
Let u(y) = 16149*y + 811. Is u(12) a composite number?
True
Let w(x) = 16*x**3 - 3*x**2 + 23*x + 23. Is w(16) composite?
True
Suppose -37*l - 11*l = 4*l - 6872632. Is l composite?
True
Is (11 + -29 - -135172) + 0 + 9 a composite number?
True
Is 10917*2/(6 + -5 + 5) + 4 a composite number?
False
Suppose -4*g - g + 3006114 = i, 3*g - 4*i = 1803673. Is g a composite number?
True
Let h(c) be the t